{"id":7,"date":"2020-08-20T20:08:06","date_gmt":"2020-08-20T20:08:06","guid":{"rendered":"https:\/\/eckert-advisory.de\/?page_id=7"},"modified":"2020-09-29T15:33:36","modified_gmt":"2020-09-29T15:33:36","slug":"home","status":"publish","type":"page","link":"https:\/\/eckert-advisory.de\/","title":{"rendered":"Digitalisierung Menschlich: Die Synthese"},"content":{"rendered":"\n<p>Die Nutzung neuer IT-Technologien wie der K\u00fcnstlichen Intelligenz, SaaS, Robotik und virtuelle Realit\u00e4ten ver\u00e4ndern in immer schnelleren Masse unsere Gegenwart.<\/p>\n\n\n\n<p>Sie bieten aber koh\u00e4rent eingesetzt ein gro\u00dfes Potential f\u00fcr Individuen, Unternehmen und die Gesellschaft.<\/p>\n\n\n\n<p>Mit meinen Advisory Services m\u00f6chte ich daher meine langj\u00e4hrigen Erfahrungen bei der Umsetzung  neuer Technologien in allen Bereichen der Wirtschaft einbringen, wenn es gilt, die Digitalisierung erfolgreich und effizient voranzutreiben.<\/p>\n\n\n\n<p>Essentieller Bestandteil der Digitalisierung ist die Nutzung von Standard-Software. <br>Basierend auf meine fast 30j\u00e4hrige T\u00e4tigkeit bei der SAP kann ich hier auf einen umfangreichen Erfahrungshintergrund, detaillierte Kenntnisse des gesamten SAP L\u00f6sungsportfolios, dessen Architektur sowie von Projekt best practices zur\u00fcckgreifen. Mein umfangreiches Netzwerk in die Organisation der SAP bis zur obersten F\u00fchrungsebene helfen hierbei.<\/p>\n\n\n\n<p>Als weiteren, integralen Bestandteil einer Digitalisierung stellt der Erfolgsfaktor Mensch \/ F\u00fchrung dar, den ich in der Mehrzahl der von mir in  meiner langj\u00e4hrigen beruflichen T\u00e4tigkeit betreuten und beratenden Projekten als kritischen, aber oft untersch\u00e4tzten Erfolgsfaktor erlebt habe. <br>Mit meiner Expertise und Kompetenz in diesem Bereich kann ich diesen nicht nur zielgerichtet adressieren, sondern auch dazu beitragen, die Attraktivit\u00e4t von Unternehmen &amp; Organisationen als Arbeitgeber sowie deren F\u00fchrungskultur verbessern.<\/p>\n\n\n\n<p><\/p>\n","protected":false},"excerpt":{"rendered":"<p>Die Nutzung neuer IT-Technologien wie der K\u00fcnstlichen Intelligenz, SaaS, Robotik und virtuelle Realit\u00e4ten ver\u00e4ndern in immer schnelleren Masse unsere Gegenwart. Sie bieten aber koh\u00e4rent eingesetzt ein gro\u00dfes Potential f\u00fcr Individuen, Unternehmen und die Gesellschaft. Mit meinen Advisory Services m\u00f6chte ich daher meine langj\u00e4hrigen Erfahrungen bei der Umsetzung neuer Technologien in allen Bereichen der Wirtschaft einbringen, &hellip; <\/p>\n<p class=\"link-more\"><a href=\"https:\/\/eckert-advisory.de\/\" class=\"more-link\"><span class=\"screen-reader-text\">\u201eDigitalisierung Menschlich: Die Synthese\u201c <\/span>weiterlesen<\/a><\/p>\n","protected":false},"author":1,"featured_media":0,"parent":0,"menu_order":0,"comment_status":"closed","ping_status":"open","template":"","meta":{"ngg_post_thumbnail":0,"footnotes":""},"class_list":["post-7","page","type-page","status-publish","hentry"],"yoast_head":"<!-- This site is optimized with the Yoast SEO plugin v27.3 - https:\/\/yoast.com\/product\/yoast-seo-wordpress\/ -->\n<title>Digitalisierung Menschlich: Die Synthese - Eckert Advisory<\/title>\n<meta name=\"robots\" content=\"index, follow, max-snippet:-1, max-image-preview:large, max-video-preview:-1\" \/>\n<link rel=\"canonical\" href=\"https:\/\/eckert-advisory.de\/\" \/>\n<meta property=\"og:locale\" content=\"de_DE\" \/>\n<meta property=\"og:type\" content=\"article\" \/>\n<meta property=\"og:title\" content=\"Digitalisierung Menschlich: Die Synthese - Eckert Advisory\" \/>\n<meta property=\"og:description\" content=\"Die Nutzung neuer IT-Technologien wie der K\u00fcnstlichen Intelligenz, SaaS, Robotik und virtuelle Realit\u00e4ten ver\u00e4ndern in immer schnelleren Masse unsere Gegenwart. Sie bieten aber koh\u00e4rent eingesetzt ein gro\u00dfes Potential f\u00fcr Individuen, Unternehmen und die Gesellschaft. Mit meinen Advisory Services m\u00f6chte ich daher meine langj\u00e4hrigen Erfahrungen bei der Umsetzung neuer Technologien in allen Bereichen der Wirtschaft einbringen, &hellip; \u201eDigitalisierung Menschlich: Die Synthese\u201c weiterlesen\" \/>\n<meta property=\"og:url\" content=\"https:\/\/eckert-advisory.de\/\" \/>\n<meta property=\"og:site_name\" content=\"Eckert Advisory\" \/>\n<meta property=\"article:modified_time\" content=\"2020-09-29T15:33:36+00:00\" \/>\n<meta name=\"twitter:card\" content=\"summary_large_image\" \/>\n<meta name=\"twitter:label1\" content=\"Gesch\u00e4tzte Lesezeit\" \/>\n\t<meta name=\"twitter:data1\" content=\"1\u00a0Minute\" \/>\n<script type=\"application\/ld+json\" class=\"yoast-schema-graph\">{\"@context\":\"https:\\\/\\\/schema.org\",\"@graph\":[{\"@type\":\"WebPage\",\"@id\":\"https:\\\/\\\/eckert-advisory.de\\\/\",\"url\":\"https:\\\/\\\/eckert-advisory.de\\\/\",\"name\":\"Digitalisierung Menschlich: Die Synthese - Eckert Advisory\",\"isPartOf\":{\"@id\":\"https:\\\/\\\/eckert-advisory.de\\\/#website\"},\"datePublished\":\"2020-08-20T20:08:06+00:00\",\"dateModified\":\"2020-09-29T15:33:36+00:00\",\"breadcrumb\":{\"@id\":\"https:\\\/\\\/eckert-advisory.de\\\/#breadcrumb\"},\"inLanguage\":\"de\",\"potentialAction\":[{\"@type\":\"ReadAction\",\"target\":[\"https:\\\/\\\/eckert-advisory.de\\\/\"]}]},{\"@type\":\"BreadcrumbList\",\"@id\":\"https:\\\/\\\/eckert-advisory.de\\\/#breadcrumb\",\"itemListElement\":[{\"@type\":\"ListItem\",\"position\":1,\"name\":\"Home\",\"item\":\"https:\\\/\\\/eckert-advisory.de\\\/\"},{\"@type\":\"ListItem\",\"position\":2,\"name\":\"Digitalisierung Menschlich: Die Synthese\"}]},{\"@type\":\"WebSite\",\"@id\":\"https:\\\/\\\/eckert-advisory.de\\\/#website\",\"url\":\"https:\\\/\\\/eckert-advisory.de\\\/\",\"name\":\"Eckert Advisory\",\"description\":\"Digitalisierung erfolgreich menschlich\",\"potentialAction\":[{\"@type\":\"SearchAction\",\"target\":{\"@type\":\"EntryPoint\",\"urlTemplate\":\"https:\\\/\\\/eckert-advisory.de\\\/?s={search_term_string}\"},\"query-input\":{\"@type\":\"PropertyValueSpecification\",\"valueRequired\":true,\"valueName\":\"search_term_string\"}}],\"inLanguage\":\"de\"}]}<\/script>\n<!-- \/ Yoast SEO plugin. -->","yoast_head_json":{"title":"Digitalisierung Menschlich: Die Synthese - Eckert Advisory","robots":{"index":"index","follow":"follow","max-snippet":"max-snippet:-1","max-image-preview":"max-image-preview:large","max-video-preview":"max-video-preview:-1"},"canonical":"https:\/\/eckert-advisory.de\/","og_locale":"de_DE","og_type":"article","og_title":"Digitalisierung Menschlich: Die Synthese - Eckert Advisory","og_description":"Die Nutzung neuer IT-Technologien wie der K\u00fcnstlichen Intelligenz, SaaS, Robotik und virtuelle Realit\u00e4ten ver\u00e4ndern in immer schnelleren Masse unsere Gegenwart. Sie bieten aber koh\u00e4rent eingesetzt ein gro\u00dfes Potential f\u00fcr Individuen, Unternehmen und die Gesellschaft. Mit meinen Advisory Services m\u00f6chte ich daher meine langj\u00e4hrigen Erfahrungen bei der Umsetzung neuer Technologien in allen Bereichen der Wirtschaft einbringen, &hellip; \u201eDigitalisierung Menschlich: Die Synthese\u201c weiterlesen","og_url":"https:\/\/eckert-advisory.de\/","og_site_name":"Eckert Advisory","article_modified_time":"2020-09-29T15:33:36+00:00","twitter_card":"summary_large_image","twitter_misc":{"Gesch\u00e4tzte Lesezeit":"1\u00a0Minute"},"schema":{"@context":"https:\/\/schema.org","@graph":[{"@type":"WebPage","@id":"https:\/\/eckert-advisory.de\/","url":"https:\/\/eckert-advisory.de\/","name":"Digitalisierung Menschlich: Die Synthese - Eckert Advisory","isPartOf":{"@id":"https:\/\/eckert-advisory.de\/#website"},"datePublished":"2020-08-20T20:08:06+00:00","dateModified":"2020-09-29T15:33:36+00:00","breadcrumb":{"@id":"https:\/\/eckert-advisory.de\/#breadcrumb"},"inLanguage":"de","potentialAction":[{"@type":"ReadAction","target":["https:\/\/eckert-advisory.de\/"]}]},{"@type":"BreadcrumbList","@id":"https:\/\/eckert-advisory.de\/#breadcrumb","itemListElement":[{"@type":"ListItem","position":1,"name":"Home","item":"https:\/\/eckert-advisory.de\/"},{"@type":"ListItem","position":2,"name":"Digitalisierung Menschlich: Die Synthese"}]},{"@type":"WebSite","@id":"https:\/\/eckert-advisory.de\/#website","url":"https:\/\/eckert-advisory.de\/","name":"Eckert Advisory","description":"Digitalisierung erfolgreich menschlich","potentialAction":[{"@type":"SearchAction","target":{"@type":"EntryPoint","urlTemplate":"https:\/\/eckert-advisory.de\/?s={search_term_string}"},"query-input":{"@type":"PropertyValueSpecification","valueRequired":true,"valueName":"search_term_string"}}],"inLanguage":"de"}]}},"_links":{"self":[{"href":"https:\/\/eckert-advisory.de\/index.php?rest_route=\/wp\/v2\/pages\/7","targetHints":{"allow":["GET"]}}],"collection":[{"href":"https:\/\/eckert-advisory.de\/index.php?rest_route=\/wp\/v2\/pages"}],"about":[{"href":"https:\/\/eckert-advisory.de\/index.php?rest_route=\/wp\/v2\/types\/page"}],"author":[{"embeddable":true,"href":"https:\/\/eckert-advisory.de\/index.php?rest_route=\/wp\/v2\/users\/1"}],"replies":[{"embeddable":true,"href":"https:\/\/eckert-advisory.de\/index.php?rest_route=%2Fwp%2Fv2%2Fcomments&post=7"}],"version-history":[{"count":6,"href":"https:\/\/eckert-advisory.de\/index.php?rest_route=\/wp\/v2\/pages\/7\/revisions"}],"predecessor-version":[{"id":238,"href":"https:\/\/eckert-advisory.de\/index.php?rest_route=\/wp\/v2\/pages\/7\/revisions\/238"}],"wp:attachment":[{"href":"https:\/\/eckert-advisory.de\/index.php?rest_route=%2Fwp%2Fv2%2Fmedia&parent=7"}],"curies":[{"name":"wp","href":"https:\/\/api.w.org\/{rel}","templated":true}]}}